the prime factors of a?
2, 11
Suppose -6*s + 3*s - 201 = 0. Let f = s + 48. List the prime factors of f*1*(-3 - -2).
19
Let o(s) = s - 5. Let r = -8 - -16. Let f be o(r). Suppose 5*p = 2*i + 59, f*i + 14 = 2*p - i. What are the prime factors of p?
13
Let v(l) = -l**2 + 4*l - 1. Let j be v(4). Let u = j - -4. List the prime factors of u*4 + -2 - 1.
3
Let w(r) = -r**3 + r**2 + 3*r + 2. Let l = -13 - -18. Suppose 0 = 2*q - l*q - 6. List the prime factors of w(q).
2
Let v = -13 + 17. List the prime factors of v.
2
Let h be 1/(-2) - 3/6. Let b be h/4 - (-148)/16. Suppose -6*c + 3*c = -b. What are the prime factors of c?
3
Let a(o) = -o**3 - 5*o**2 + 2*o. Let y be a(-6). Let q be -7 + 3 + 2 + 5. Suppose -5*f = -q*t - 2 + 6, -y = -t - 4*f. List the prime factors of t.
2
Let m be ((1 - -14)/(-3))/(-1). Suppose -h + 5*o - 24 = -2*h, -4*o = -m*h + 91. Suppose s - 5*w - h = 0, 3*s + 2*w - 6*w = 46. List the prime factors of s.
2, 7
Suppose -4*p + 5 = -3*p, -5*l - 3*p + 145 = 0. Suppose 5*m = l + 19. List the prime factors of m.
3
Let x(b) = -b**3 + 5*b**2 + 3*b + 4. What are the prime factors of x(5)?
19
List the prime factors of -2 + -1 + (-5 - -144).
2, 17
Let f = -19 - -76. What are the prime factors of f?
3, 19
Let o = 14 - 8. Suppose 0 = z + y - 16, -z + 5*y - 2 - o = 0. List the prime factors of z.
2, 3
Let k(u) = -9*u - u + 9*u - 2. What are the prime factors of k(-5)?
3
Let f = -33 - -69. What are the prime factors of f?
2, 3
Suppose 0 = -2*y + 4 - 0. List the prime factors of (1 + -3 + 3)*y.
2
List the prime factors of (-4 - -1) + (-5 + 359 - -6).
3, 7, 17
List the prime factors of -12*(0 - (0 - 12/(-8))).
2, 3
Let w be 6/33 + 62/22. Suppose 0 = 5*l + w*r - 38 - 36, -4*r - 53 = -5*l. List the prime factors of l.
13
Let u(o) = -o**3 + 5*o**2 - 3*o + 4. Let n be u(4). Suppose 3*b = n*b - 5. What are the prime factors of (3 - b - 3)*-8?
2
What are the prime factors of 3 + 788/8*2?
2, 5
Let l be (-1)/2 + 150/12. Suppose 48 = 4*u + l. What are the prime factors of (u/6)/(2/4)?
3
Let t(m) = m**3 + 8*m**2 - 7*m. Let r(z) = z**2 + 1. Let c(k) = -r(k) + t(k). What are the prime factors of c(-7)?
2, 3
Let t(j) = j**3 + 2*j**2 - 1. Let v be t(-1). Suppose v = o + o + 6. Let l = 7 - o. What are the prime factors of l?
2, 5
Let h = -7 + 10. Suppose 2*j - 4 = 4*d, j + 2*d = h*d + 3. List the prime factors of j.
2
Let t(u) = -42*u + 8. List the prime factors of t(-2).
2, 23
Suppose 0 = 2*n + 2*m - 34, 3*n - 4*m - 8 = 36. List the prime factors of n.
2
Let n be 3/1 + (-2 - -1). Suppose 3*h - n*h - 17 = -4*t, 4*h + 37 = 5*t. Suppose -t*j = -15, -4*w + 4*j = -w - 15. What are the prime factors of w?
3
Let l = -4 + 10. Suppose 3*w + 29 = 2*c, -2*c + l*w - w + 35 = 0. Suppose h + c = y + 2*h, 2*y - 8 = 2*h. What are the prime factors of y?
7
Let x be -2*((-33)/(-6) + -1). What are the prime factors of 6/x - (-74)/3?
2, 3
Let z = 14 - 7. List the prime factors of z.
7
Let x(b) = -b - 11. Let g be x(-6). List the prime factors of (-174)/g - 7/(-35).
5, 7
Suppose -4 - 4 = -2*o. Let g(v) = v**3 - 4*v**2 + 6*v - 6. Let k be g(o). Suppose 0 = 3*z - k - 15. List the prime factors of z.
11
Let h be -1*2 - -18 - -2. Suppose -2*z + h + 24 = 0. Suppose -12 = -3*f + z. List the prime factors of f.
11
Suppose 5*s = 4 + 6. Suppose b + s = 4. Suppose 4*p = -4*w + 12, -b*p = -4*p + 2*w + 6. What are the prime factors of p?
3
What are the prime factors of (57/2)/3*2?
19
Suppose 5*c - 368 = -4*u + 546, 2*c - 363 = u. List the prime factors of c.
2, 7, 13
Let w = 5 + 85. List the prime factors of w.
2, 3, 5
Suppose -13 = -5*n + a + 2*a, -2*a = 3*n - 4. Suppose y + 5*k = 18 - 0, n*k = 2. List the prime factors of y.
13
Let c(k) = 2*k**2 - 3*k + 7. Let b be c(5). Suppose 0 = -2*d - d + b. What are the prime factors of d?
2, 7
Suppose 0*s - s = -3*o - 15, 0 = 4*s + 3*o. Let d = s - -8. Let n = 22 - d. What are the prime factors of n?
11
Suppose -2*w - 1 = -5. Suppose -w*k + 42 = -o, -4*k + 5*k - 3*o = 16. What are the prime factors of k?
2, 11
Let z(o) = o - 3*o - 6 - o + 5*o**2 + 2*o**3 - o**3. List the prime factors of z(-5).
3
List the prime factors of (-6*44/8)/(-1).
3, 11
Let k = -3 + 335. List the prime factors of k.
2, 83
Let t(u) = -2*u + 7. What are the prime factors of t(-3)?
13
Let a = 3 - 3. Suppose 6*i - 288 = -a*i. List the prime factors of i.
2, 3
Let f(d) = 5*d**2 - 2*d + 1. Let r(a) = -a + 6. Let m be r(5). Suppose -3*y + 5*o = 14, y = 5*o - 19 + m. What are the prime factors of f(y)?
17
Let z(v) = -v**3 + 3*v**2 + 6*v - 3. Let s be z(4). Suppose -s*m + 85 = -0*m. What are the prime factors of m?
17
Suppose -3*v + 15 = 2*v, -2*k - 5*v = 45. Let c be 3/1 + -2 + -13. What are the prime factors of (4/5)/(c/k)?
2
Let x be 4/(0 - (2 - 1)). Let m = 16 + x. List the prime factors of m.
2, 3
Let a(j) = j**2 + 7*j + 8. Let n be a(-7). Let z = 4 - n. What are the prime factors of (-1 + -1)/(z/8)?
2
Let p(g) = -g**2 + 5*g - 4. Let q be p(4). Suppose 0 = -q*u + 4*u - 56. What are the prime factors of u?
2, 7
Let t(d) = -d**3 + 9*d**2 + 6*d - 2. What are the prime factors of t(9)?
2, 13
What are the prime factors of ((-4)/30 - (-26)/(-30))*-126?
2, 3, 7
Suppose 6*l = 649 - 223. What are the prime factors of l?
71
Suppose 3 = -3*k + 3*t, 0 = 5*k - 3*t - 0 - 3. Suppose -v + k = -4. List the prime factors of v.
7
Let c(m) = 3*m - 16. What are the prime factors of c(7)?
5
Suppose -3*u = -0*u. Let x = 11 + u. What are the prime factors of x?
11
Suppose -2*q + 7*q = 2*s - 106, 159 = 3*s - 4*q. Suppose z + 0 = 1, 3*m = -5*z + s. Suppose 0 = -4*f + 2*f + m. List the prime factors of f.
2
Let a(b) = b**3 - 4*b**2 - 10*b + 8. Let f be a(6). Suppose -l = -4*q + f, 3*q + l - 15 = -l. What are the prime factors of (6 + q)*(0 - -1)?
11
Suppose -25 - 35 = -3*i. Suppose 2*d = -0*d + i. What are the prime factors of d?
2, 5
Suppose -2*f = 4*k - 4*f - 240, 0 = -k + 4*f + 74. What are the prime factors of k?
2, 29
Let i = -11 + 7. Let c be 0 + 5/((-10)/i). Suppose 4*y + 6*u = c*u + 52, 4*y - u = 32. What are the prime factors of y?
3
Suppose 0 = -6*c + c + 225. Suppose 3*d - 45 = c. List the prime factors of (-6)/d - (-16)/5.
3
Let r(k) = k**3 + 4*k**2 + 2*k + 2. Let m be r(-3). Suppose -m = -x - 1. Suppose 25 = x*q + q - f, -4*q - 3*f = -1. List the prime factors of q.
2
Suppose 3*i + 4 = 37. Suppose 112 = 3*n + 3*z - i, -4*z - 196 = -4*n. List the prime factors of n.
3, 5
Suppose -2*t - y = -5*y - 46, -4*t + 82 = 2*y. Suppose -91 = 5*p - u, -3*u + 18 + t = -2*p. Let f = 30 + p. What are the prime factors of f?
2, 3
Let u = 0 - -4. Let a(q) = -q**2 + 8*q + 14. Let t be a(9). Suppose -c - u*c = 0, t*c = -4*b + 44. What are the prime factors of b?
11
Let d(n) = n**3 + 11*n**2 - 11*n + 14. Let l be -15 - 2/(2/(-3)). Let w be d(l). List the prime factors of 1*w*36/8.
3
Let l = -88 - -176. Suppose l = 4*r - 5*a, 0*r - a = 5*r - 81. What are the prime factors of r?
17
Let m(j) = -j. Let z(k) = -k + 2. Let x(u) = 6*m(u) - z(u). Let a be x(-3). Let h = 20 - a. What are the prime factors of h?
7
Let w be 170/8 - 1/4. Let r(i) = i**2 - 7*i + 2. Let v be r(6). What are the prime factors of v/(-2)*w/6?
7
Let g(q) = q**3 - 19*q**2 + 19*q - 10. List the prime factors of g(18).
2
Let f(r) = -r**2 + 8*r + 2. Let s be f(9). Let d = s - -10. List the prime factors of d.
3
Suppose -4*f + 4*h + 20 = 0, 4*f - 32 = 5*h - 13. Let w = 68 + f. Suppose 5*j + 14 = w. What are the prime factors of j?
2, 3
Suppose 4*l = -20 + 144. What are the prime factors of l?
31
Let r(z) = -z**3 + 9*z**2 + 13*z - 13. Suppose -3*p = -0*s - 4*s + 49, 3*s = 4*p + 42. What are the prime factors of r(s)?
17
Let t(g) = -g**2 - 13*g. Let q be t(-10). Suppose -2*v + 15 = 3*v. Suppose 3 - 15 = -v*a, -q = -3*u - 3*a. What are the prime factors of u?
2, 3
Let f = 77 + -44. What are the prime factors of f?
3, 11
Suppose -4 = -f - 0*f. Suppose -3*x - 10 = 2*z - f*z, 0 = z + 4*x + 17. Let v(q) = 14*q**2. What are the prime factors of v(z)?
2, 7
Suppose 0 = s - k - 63, -4*s + 5*k + 64 = -192. What are the prime factors of s?
59
Suppose 4*d = 105 + 15. What are the prime factors of d?
2, 3, 5
Suppose 0 = 3*s + s - 20. What are the prime factors of s?
5
What are the prime factors of (4 - 1 - 2)*15?
3, 5
Let p be 1/(-3) - (-8)/6. Suppose 2*b + v = 6, -v 